3*d = 169. Let s = -33 + z. Calculate the remainder when s is divided by 28.
27
Let k = 309 + -285. Calculate the remainder when 89 is divided by k.
17
Let i(w) = w**3 + w + 4. Let v be i(0). Let c(j) = -j**3 + 3*j**2 + 5*j - 7. Let l be c(v). What is the remainder when 77 is divided by (l - -1) + 0 - -28?
25
Suppose -12 = 730*f - 733*f. Calculate the remainder when 41 is divided by f.
1
Suppose -3*r = 3*a - 357, -2*a = 3*r - 165 - 69. Suppose -6*m = -a - 153. Calculate the remainder when m is divided by 17.
12
Suppose 0 = -108*y + 45*y + 14868. What is the remainder when y is divided by 56?
12
Let k(o) = 5*o + 80. What is the remainder when 16 is divided by k(-15)?
1
Suppose 871*v = 858*v + 208. Let y = 11 + 19. What is the remainder when y is divided by v?
14
Calculate the remainder when 1958/(-33)*6/8*-32 is divided by 84.
80
Let k be 8/28 - (-5200)/28. Suppose -f + 80 = 5*i - 147, 3*f = -4*i + k. Calculate the remainder when i is divided by 8.
5
Let h(b) = -b**3 + 12*b**2 - 4*b - 12. What is the remainder when 258 is divided by h(11)?
63
Let f(x) = -x**3 + 9*x**2 - 4*x + 19. Calculate the remainder when f(7) is divided by 13.
11
Suppose -4*b + 21 = -11. Let f = 10 - b. Suppose -13 - f = -z. Calculate the remainder when z is divided by 6.
3
Suppose -2*d - i = -20, 5*i + 10 = -4*d + 44. Calculate the remainder when 373 is divided by d.
10
Let t(l) = 3*l**2 - 8*l - 6. What is the remainder when t(6) is divided by 5?
4
Suppose -2*z = 42 - 76. Calculate the remainder when (-4)/((-16)/204) + -3 is divided by z.
14
Let g = -1 - -2. Let m be (g - -5) + (-4)/1. Suppose -m*i + 106 = 24. Calculate the remainder when i is divided by 22.
19
Let u = -16545 + 16564. Suppose -3*m = -5*s + 50, -5*s - 2*m + 0*m + 25 = 0. Calculate the remainder when u is divided by s.
5
Suppose -4*o + 3*i + 64 - 1 = 0, -o - 2*i = -24. Let z(a) = a + 1. Calculate the remainder when o/(-42) + 0 - 87/(-7) is divided by z(3).
0
Let v(s) = 35*s + 4. Let m be v(-1). Let i = 70 - m. Calculate the remainder when i is divided by 17.
16
Let z(f) = -f + 30. Let c be z(0). Let s = 4 + -4. Suppose s*x = 5*x - c. Calculate the remainder when 23 is divided by x.
5
Suppose -637*q + 629*q + 184 = 0. What is the remainder when q is divided by (3 + (-33)/9)*-27?
5
Let q be 12*44/(-6)*1. Let s = -51 - q. What is the remainder when 146 is divided by s?
35
Suppose a - x = 3*a + 5, 4*a = -4*x - 12. Calculate the remainder when 27 is divided by a/8 + (-195)/(-12) + -6.
7
Let x(s) = 13*s + 16. Let i be x(-4). Let k = -8 - i. Calculate the remainder when k is divided by 138/9 + 1/(-3).
13
Let y = 235 + -216. Suppose -2*s + 5*g + 6 = 2*s, -5*s = 2*g - 24. Suppose 5*k - 2*b = 128, 89 = s*k - 3*b - y. What is the remainder when 45 is divided by k?
21
Suppose z = 5*q - 212, 0 = -4*q - 10*z + 8*z + 164. Let i = -245 + 411. What is the remainder when i is divided by q?
40
Calculate the remainder when 112 is divided by (1/(-2) - (-6)/(-12)) + 6.
2
Let u(s) = 6*s**2 - s + 1. Let k be (-2)/11 - 3487/121. Let h = -27 - k. What is the remainder when u(1) is divided by h?
0
Let k(c) = 9*c + 115. Let n(t) = 10*t**2 + 2*t + 2. Calculate the remainder when n(3) is divided by k(-10).
23
Let g(j) = -34*j**2. Let d be g(1). What is the remainder when (-854)/d - 2/17 is divided by 9?
7
What is the remainder when 2497/6 + ((-44)/24)/11 is divided by 70?
66
Suppose 2*i - 6*i - 3*q + 34 = 0, -16 = -2*i - q. Let o(g) = g**2 - 7*g + 6. What is the remainder when (-2)/(-25) - 36150/(-1250) is divided by o(i)?
5
Let k = -17 + 18. Let q be (-22)/6 + (-5)/15. What is the remainder when 35/(-4)*k*q is divided by 13?
9
Suppose 400 = 22*q - 2*q. Calculate the remainder when 59 is divided by q.
19
Suppose 2*u + m - 6 = 0, 2*m - 15 = -5*u - 0*m. Suppose z = -2 - u. Let o = z - -13. What is the remainder when 15 is divided by o?
7
Let v(n) = -n**3 + 12*n**2 + 3*n - 10. Let p = -474 + 525. Calculate the remainder when p is divided by v(12).
25
Suppose 4*t + i = 108, -5*t + i + 148 = -i. What is the remainder when 49 is divided by t?
21
Let v = -498 - -508. Calculate the remainder when 722 is divided by v.
2
Let w = -97 - -138. What is the remainder when w is divided by 22?
19
Suppose -3*s + 7*s = -132. Let h = -14 - s. Let i = 10 - 0. What is the remainder when h is divided by i?
9
Let v(r) = -r**2 - 7*r - 8. Let m be v(-6). Suppose -4*h - 3*s = -70 - 33, -2*h + 51 = s. Let l = h - m. Calculate the remainder when l is divided by 10.
7
Suppose -5*t = -0*t - 1190. Let q = 26 + -6. What is the remainder when (1 - t)*(-6)/18 is divided by q?
19
Suppose 0 = -6*l + 2*l + 16. Suppose 0 = l*v + 86 - 262. Suppose -3*k + 67 = 19. Calculate the remainder when v is divided by k.
12
Suppose 0 = -557*p + 552*p + 260. What is the remainder when 205 is divided by p?
49
Suppose -208*m + 196*m = -408. Suppose -5 = -3*a + 28. What is the remainder when m is divided by a?
1
Suppose -13*o + 3281 = 863. Calculate the remainder when o is divided by 19.
15
Let i(v) = 24*v + 16. Suppose 0 = -3*y - 6, 3*k - 17 = 4*y. What is the remainder when i(k) is divided by 45?
43
Let n(z) = 27*z + 192. Calculate the remainder when 141 is divided by n(-6).
21
Let n(k) = 3*k**3 + 9*k**2 + 2*k - 1. What is the remainder when n(4) is divided by 43?
42
Suppose 5*z = 6*z + 6. Calculate the remainder when 4/(-24) - 277/z is divided by 7.
4
Let g(y) = y**3 + 5*y**2 - 5*y + 4. Let v be g(-6). Suppose -5*o + 105 = 2*o. Calculate the remainder when o is divided by 50/6 - v/3.
6
Let n = 984 - 902. Suppose -4 = -j - 0*j, -h - 5*j = -32. What is the remainder when n is divided by h?
10
Let z(d) = d**3 - 10*d**2 + 12*d. Let t = 23 + -14. What is the remainder when z(t) is divided by 6?
3
Let s be -3 - (-9)/((-45)/(-10)). What is the remainder when 105 is divided by 749/21 + s/(-3)?
33
Let b(j) = j - 17. Let v be 8/(-4) + (15 - -1). Let a be b(v). What is the remainder when 34 is divided by (-6)/4*a*2?
7
Let k = 11 + -8. Let t = -3 + 14. Suppose -2*x + k*v = -57, -2*v = x - t - 0. Calculate the remainder when x is divided by 6.
3
Let l(t) = 9*t - 24. Let i be l(4). Suppose -3*h + 0 = 4*m - 48, m + h = i. Calculate the remainder when 83 is divided by m.
11
Let w(j) = -2*j**2 + 36*j - 124. Calculate the remainder when 439 is divided by w(12).
19
Suppose -58 + 13 = -5*h. Let y(g) = g**3 - 7*g**2 - 14*g + 10. Suppose 3*t - 64 = -t. Calculate the remainder when y(h) is divided by t.
14
Let t = 3201 - 3189. Let q(g) = -44*g**3 - g**2 + g + 1. What is the remainder when q(-1) is divided by t?
7
Let i(z) = z**2 + z - 8. Let c be i(-4). Let b be c/22 - 375/(-55). Calculate the remainder when (b/2 - 2)*8 is divided by 7.
5
Suppose 18 = -7*q - 3. Let l be (-2 - -4)/2 - -23. Calculate the remainder when (-3 + l)*(-2)/q is divided by 5.
4
Let x(n) = n**3 + 8*n**2 + 9*n - 3. Let c be x(-3). Suppose -9*b + 177 = c. Calculate the remainder when 30 is divided by b.
12
Let u = 152 - 90. Suppose 62 = 3*c + 3*t + 2, 5*c + 3*t = 104. Calculate the remainder when u is divided by c.
18
Let i(h) = 7*h**2 - 5*h - 7. What is the remainder when 121 is divided by i(-2)?
28
Suppose -4*f - 2*h - 6 = 0, -16 = -2*f - 5*h - 39. Let z = 92 - 51. Calculate the remainder when z is divided by 1*(9 - (-2)/f).
8
Suppose a = -4*m + 13, 4*m - 52 = -4*a + 8*m. Calculate the remainder when 62 is divided by a.
10
Suppose s = 4*s - 42. Suppose -25*y - 7 + 57 = 0. Suppose -2*o + k + 29 = o, -2*o + s = y*k. Calculate the remainder when 33 is divided by o.
6
Let k(s) = -s**2 - 7*s + 7. Let p(g) = 5*g + 3. Let z be p(-2). Let h be k(z). Suppose h*l = 2*l + 200. Calculate the remainder when l is divided by 14.
12
Let d(a) = 2*a + 68. Let h be 1161/(-54) + 1/2. Calculate the remainder when d(h) is divided by 15.
11
Suppose 30*t - 5905 - 4265 = 0. Calculate the remainder when t is divided by 20.
19
Suppose 0 = g + 2*a + 2, 3*g = 4*a - 0 + 14. What is the remainder when g is divided by (-6)/(42/7)*2/(-2)?
0
Suppose -2*p + 132 = 5*b - 3*b, -4*b = 2*p - 266. Let h = 89 + -74. What is the remainder when b is divided by h?
7
Suppose -257 = -23*a + 88. What is the remainder when 23 is divided by a?
8
Suppose 4 = 4*l, -3*l = 2*z + 2*l + 33. Let o = -10 - z. Let q = 12 + o. What is the remainder when 59 is divided by q?
17
Let b = -426 - -